2022100
In base 6, what is -302522 - 40?
-303002
In base 8, what is 4 - -224505445?
224505451
In base 4, what is 11003 + 12030013203?
12030030212
In base 14, what is 1a9 + -13493?
-132c8
In base 9, what is 0 + -62121730?
-62121730
In base 11, what is 72 + -aa42?
-a980
In base 3, what is -211112021211 + -10002002?
-211122100220
In base 8, what is 317615017 - -6?
317615025
In base 14, what is 1340 + 11c2?
2522
In base 12, what is -1132 + b02a7?
ab175
In base 11, what is 562974 - 43?
562931
In base 5, what is -11321403442 + -3?
-11321404000
In base 7, what is -131215 + 332?
-130553
In base 14, what is -9b357 - -65?
-9b2d2
In base 2, what is 11111011101111011111 + -10000101?
11111011101101011010
In base 5, what is -2 - 1122034334?
-1122034341
In base 5, what is 304233240 + 132?
304233422
In base 14, what is 5 - -17782d54?
17782d59
In base 15, what is -ab - -3ddc?
3d31
In base 10, what is -32418 + -346?
-32764
In base 10, what is -57283 - 1608?
-58891
In base 6, what is -124010 - 10200?
-134210
In base 8, what is 474326 - -664?
475212
In base 8, what is 5 - -153704040?
153704045
In base 13, what is 566 + -4a12?
-4479
In base 8, what is -5 + -125637533?
-125637540
In base 5, what is 3000104 + -10143?
2434411
In base 5, what is -11 + 4132222002?
4132221441
In base 15, what is 2 - 6ade962?
-6ade960
In base 11, what is -2 - -5399980?
5399979
In base 11, what is 61 + -61354?
-612a3
In base 13, what is 676 + -61b?
58
In base 15, what is 18dec5 - -d?
18ded3
In base 13, what is 23a + 7144?
7381
In base 5, what is 1413132242 + -10?
1413132232
In base 13, what is 12 - c0802?
-c07c0
In base 5, what is 4 - 32312120?
-32312111
In base 7, what is 354262265 + -5?
354262260
In base 13, what is 1 - -35c89976?
35c89977
In base 4, what is -21 + -2102222311210?
-2102222311231
In base 2, what is 10001 - 1010001101000000100111?
-1010001101000000010110
In base 9, what is -171516 + 46?
-171460
In base 6, what is 4 + -53443300?
-53443252
In base 4, what is 20032103 - -1132002?
21230111
In base 9, what is -107834373 + -5?
-107834378
In base 2, what is 1000010111111 + -111100?
1000010000011
In base 4, what is 220021331300 - 230?
220021331010
In base 16, what is -135a1 - -149?
-13458
In base 10, what is -155062 + -174?
-155236
In base 3, what is 210021101 + -22002121?
111011210
In base 15, what is 2d - -17311?
1733e
In base 15, what is -1573 - 6096?
-7619
In base 14, what is 5 - a85d439?
-a85d434
In base 4, what is 300010231 + 212?
300011103
In base 9, what is -24853 - 5345?
-31308
In base 15, what is 265b2 - -4b4?
26a76
In base 13, what is -2cb18 - -9?
-2cb0c
In base 5, what is 4002 + -23031112?
-23022110
In base 15, what is -1c7 - -447c?
42a5
In base 16, what is 2f7 - 61b25?
-6182e
In base 2, what is 10011001111010 - -11100000100?
10110101111110
In base 9, what is 1387506 - 10?
1387486
In base 15, what is -49 + -3296?
-32e0
In base 7, what is 2164520 - -4?
2164524
In base 8, what is 304664 + 1675?
306561
In base 14, what is -37ca + 540?
-328a
In base 4, what is 122301 + 100000230?
100123131
In base 11, what is 8316 + 80?
8396
In base 4, what is -33 + 12033303121?
12033303022
In base 15, what is 4 - -296154?
296158
In base 4, what is 32302030 - 1012?
32301012
In base 2, what is 101001111001101011 - -1001100100?
101010000011001111
In base 7, what is -6002 + 232140?
223135
In base 6, what is -22445252234 + 0?
-22445252234
In base 15, what is 1 - -41ca7e7?
41ca7e8
In base 10, what is 1850608 - -1?
1850609
In base 4, what is -23232133221 - 123?
-23232200010
In base 6, what is 21 + 200314033?
200314054
In base 2, what is 110001000100011011010111110 + -100?
110001000100011011010111010
In base 15, what is 9c2d - -7ee0?
12c1d
In base 11, what is 1211a + -711?
11509
In base 13, what is 45 + -17a1a7?
-17a162
In base 6, what is -101 - -44144300?
44144155
In base 3, what is 11 - -10121112100120?
10121112100201
In base 8, what is 16071 - -245074?
263165
In base 14, what is -963c6 + 4a?
-9637a
In base 7, what is -331126036 - -4?
-331126032
In base 11, what is 100102 - 3313?
a789a
In base 10, what is -3250 - -31?
-3219
In base 6, what is 1 + -3333?
-3332
In base 9, what is -74007 + 3?
-74004
In base 14, what is 57690934 + -5?
5769092d
In base 13, what is 2455c0 - 67?
245556
In base 4, what is -2313231122 - 1211?
-2313232333
In base 14, what is -56 + 514a8b?
514a35
In base 13, what is 5 + 4a1122?
4a1127
In base 10, what is 6111 + -1435?
4676
In base 10, what is 332 + 16503?
16835
In base 9, what is 4 - 2062487?
-2062483
In base 13, what is -22 + -31899c?
-3189c1
In base 8, what is 52 - 637725?
-637653
In base 3, what is 100112200221002012 + 0?
100112200221002012
In base 8, what is 124001631 + 5?
124001636
In base 13, what is -7 + -48325c?
-483266
In base 2, what is 111110101111000010000101 + -10001?
111110101111000001110100
In base 9, what is 2008717 - 0?
2008717
In base 12, what is 2 + 1416573?
1416575
In base 2, what is -10111100 + 10111101010101110?
10111100111110010
In base 14, what is 152b5 - 15?
152a0
In base 8, what is 66 + -2325733?
-2325645
In base 6, what is 124145 + 11150?
135335
In base 15, what is -46a + 24e324?
24dda9
In base 3, what is 10210122 - -1100220102?
1111201001
In base 9, what is -108 + 1376386?
1376277
In base 15, what is -d0e63b - e?
-d0e64a
In base 8, what is -1224413305 - 5?
-1224413312
In base 9, what is -14665358 - -143?
-14665215
In base 13, what is 8114b + 2?
81150
In base 13, what is a2bc + -97?
a225
In base 4, what is 1103 - -110200202102?
110200203211
In base 11, what is -36a04237 - -5?
-36a04232
In base 6, what is -321043351 - 1?
-321043352
In base 6, what is -44 + -124302423?
-124302511
In base 9, what is -256256 + 26?
-256230
In base 7, what is 1003 + -21022?
-20016
In base 12, what is 192 - -b68b9?
b6a8b
In base 2, what is 10001011010010000001011001 + 1?
10001011010010000001011010
In base 3, what is 2 + 21110012011002212?
21110012011002221
In base 13, what is -199b96 + 26?
-199b70
In base 2, what is -1011010111000101111001 + -110101?
-1011010111000110101110
In base 9, what is -5 - -22887787?
22887782
In base 9, what is 377576570 + 4?
377576574
In base 4, what is 31002001220 - -1?
31002001221
In base 8, what is -551140 - -431?
-550507
In base 6, what is 524125054 + -30?
524125024
In base 7, what is 134041631 - -126?
134042060
In base 5, what is -11121203003 + 22?
-11121202431
In base 12, what is 784 + 87850?
88414
In base 7, what is -1364510 + 640?
-1363540
In base 6, what is 4105145 - 1020?
4104125
In base 4, what is -231121 - 232130031?
-233021212
In base 16, what is -6a + -21673?
-216dd
In base 15, what is -12 + -dedd9?
-dedeb
In base 14, what is -289049 + -5?
-289050
In base 3, what is -10002021000 - -1120000?
-10000201000
In base 16, what is -324 + 52fd?
4fd9
In base 8, what is -1 - -12050503?
12050502
In base 4, what is 223 + -120012333?
-120012110
In base 13, what is -a - -44b974?
44b967
In base 14, what is 14b + -15436?
-152c9
In base 6, what is 4424054 + 1015?
4425113
In base 8, what is -12 - -3373072?
3373060
In base 3, what is 1101102220201 + -2211?
1101102210220
In base 4, what is -1023 + -101311331002?
-101311332031
In base 14, what is 29 - 2ab325?
-2ab2da
In base 9, what is -447 + 178080?
177532
In base 10, what is -1348 + -4535?
-5883
In base 4, what is -23211231 - -32220?
-23113011
In base 5, what is 3 + 2234313140?
2234313143
In base 6, what is 33133434 - 55?
33133335
In base 7, what is 3 - -100551233?
100551236
In base 12, what is -6a3a - -11b4?
-5846
In base 4, what is 11232233 - 2301?
11223332
In base 16, what is -b130b - -10?
-b12fb
In base 10, what is -2 - 12052537?
-12052539
In base 4, what is 12001031 - 30?
12001001
In base 11, what is 7273 + 3349?
a611
In base 12, what is 59a09942 + -1?
59a09941
In base 8, what is 1 + 120265213?
120265214
In base 8, what is 144 + 3161135?
3161301
In base 3, what is -202122200102102 - 0?
-202122200102102
In base 4, what is 131130 + 12110223?
12302013
In base 10, what is 853 - 423005?
-422152
In base 14, what is 2 - 415204a6?
-415204a4
In base 15, what is 10e5c - 4?
10e58
In base 7, what is 130564636 + -23?
130564613
In base 15, what is a + 52c23?
52c2d
In base 4, what is 3301310230333 - 10?
3301310230323
In base 3, what is 11 + -1002101020010220?
-1002101020010202
In base 16, what is -a82 - 